the highest common factor of i and 20.
10
Suppose 2*u = -0*u + 60. Let z = -20 + u. Let h = -138 + 218. What is the highest common divisor of h and z?
10
Let c be 0 - (-2 + 0 + 1). Suppose -t + 1 + c = 0. What is the highest common factor of t and 2?
2
Suppose 4*l - 4 = -2*m - 3*m, 2*m = -2*l. What is the greatest common factor of m and 16?
4
Let z = -4 - -12. Suppose -2 = -5*h + 98. Calculate the greatest common factor of z and h.
4
Let l = -7 - -26. Suppose 3*u = u + w + 150, 2*u = -3*w + 158. Calculate the highest common factor of u and l.
19
Suppose 2*b - 3 = 25. Suppose 0*p = p - b. What is the greatest common divisor of p and 14?
14
Let h be 16/(-24) + (-14)/6. Let o be 8 + h + -3 + 8. Calculate the greatest common factor of 15 and o.
5
Suppose 0 = -5*j + 10*j - 110. Let o = j - -44. Calculate the greatest common divisor of o and 44.
22
Let l be ((-10)/(-8))/((-1)/(-64)). Calculate the greatest common divisor of l and 8.
8
Let q = -60 + 115. What is the greatest common divisor of 5 and q?
5
Let g = 20 - 0. Calculate the greatest common divisor of g and 160.
20
Suppose 3*o = o + 4. Suppose 24 = 3*n - 3*r, -2*n = -0*n - 5*r - 25. Calculate the greatest common factor of n and o.
1
Let m = 28 + -32. Let v(t) = -3*t - 4*t - 5 + 3*t. Let d be v(m). Calculate the greatest common divisor of 11 and d.
11
Suppose -2*k + 194 = -4*h - 4*k, 0 = -3*k + 9. Let q = 75 + h. Suppose c + 3*l - 20 = 2*l, -5*c + 110 = 3*l. Calculate the highest common factor of c and q.
25
Let z(u) = u**3 - 2*u**2 + u - 10. Let d be z(3). What is the highest common divisor of 2 and d?
2
Let p = 12 + -8. Let y be 36/p*2/6. What is the highest common divisor of y and 3?
3
Suppose -c + 8 = c. Suppose -b = -c*b + 36. Let m(w) = -2*w**3 + 2*w**2 - w - 2. Let q be m(-2). Calculate the greatest common divisor of q and b.
12
Let p(x) = 22*x**2 - 2*x - 5. Let y = 17 - 14. Let d be p(y). Let l be (-53)/(-3) + 4/(-6). Calculate the greatest common factor of l and d.
17
Let g(j) = j**2 - j + 2. Let l be g(4). Let f(x) = 25*x**3 + 2*x**2 - 2*x - 1. Let d be f(2). Let m = -77 + d. Calculate the highest common divisor of m and l.
14
Let v(z) = 6*z + 28. Let f be v(12). Calculate the greatest common divisor of 40 and f.
20
Let b = -2 + 34. Let v be ((-2)/3)/(8/(-60)). Let s = 75 + v. Calculate the greatest common factor of s and b.
16
Let k be 0/2*(-3)/6. Let o be 41 - (-2 - k - -1). Let w = 21 + 7. Calculate the greatest common factor of w and o.
14
Suppose -3*x + 11 = -10. Let c = 4 - -2. Suppose -5*s - 7 = -c*s. What is the greatest common divisor of x and s?
7
Let v = 190 - -31. What is the highest common factor of 17 and v?
17
Suppose 0 = -5*z + 38 + 47. Let n be (8 - 6)/((-1)/(-2)). Suppose n - 38 = -i. What is the highest common divisor of i and z?
17
Let z = -353 + 557. What is the greatest common divisor of 136 and z?
68
Suppose -5*n - 3*w + 22 = -0, 2*w = -3*n + 14. What is the highest common divisor of 5 and n?
1
Let l(o) = -o**3 - 9*o**2 + 7*o + 12. Let c be l(-10). What is the highest common divisor of c and 12?
6
Let q be 48/(-4)*(-16)/12. Suppose -4*d + 23 = 3*h - 181, 4*h - q = 0. What is the highest common divisor of d and 12?
12
Let t(c) = 3*c + 6. Let r(s) = -2*s - 7. Let g(k) = 3*r(k) + 4*t(k). Let y be g(-3). Let i = y + 28. What is the greatest common divisor of 65 and i?
13
Let j be ((-64)/10)/((-2)/35). Calculate the greatest common divisor of j and 28.
28
Suppose 66 = -5*o + 6*o. Calculate the greatest common factor of 6 and o.
6
Let f = 8 + -5. Suppose -5*k = -f*g + 167, 4*g + 5*k - 84 = 92. What is the highest common factor of g and 7?
7
Let t = 13 + -7. Let l(q) = -q**2 + 3 - 3*q + 9*q + 0*q**2. Let x be l(t). What is the highest common divisor of 6 and x?
3
Let l be 165/(-10)*1*-2. What is the greatest common divisor of 132 and l?
33
Suppose -2 = 2*p - 4. Let j be (-6)/6 + 5/p. Suppose 0*g = g - 6. Calculate the greatest common factor of j and g.
2
Let a = 14 + -26. Suppose 5*h = -0*h - 35. Let o = h - a. Calculate the highest common divisor of 5 and o.
5
Let c be ((-3)/2 - 21/2)*-1. Suppose 0*y + 3*y - 144 = 0. Calculate the highest common factor of y and c.
12
Let w = -10 - -5. Let j(d) = 2*d**2 + 6*d + 4. Let i be j(w). What is the greatest common divisor of 3 and i?
3
Let c be (-21)/6 - (-2)/(-4). Let g = 11 - c. Suppose -3*z = 225 - 630. Calculate the highest common divisor of z and g.
15
Let o(y) = 85*y + 3. Let m be o(7). Suppose 0 = 2*p + 5*q - 401, 0*p - 3*p + m = 4*q. Calculate the highest common factor of p and 18.
18
Suppose -2*h + 10 = -h. Suppose -28 + h = 3*s. Let j be 3*(0 + (-38)/s). Calculate the greatest common factor of 152 and j.
19
Let j be 2 + (3/(-4))/(2/(-8)). Calculate the highest common factor of 35 and j.
5
Suppose 0 = -6*c + 3*c. Suppose -3*z + 13 = 2*g, 4*z + c*z - 4 = 4*g. What is the greatest common divisor of g and 16?
2
Let f = -69 - -101. Let c = -15 - -18. Suppose -n = -3*o + 5, -c*n + 4*o - 20 = -5*n. What is the greatest common divisor of n and f?
4
Suppose -3*u + 19 = 2*o, 0 = u + o + o - 1. Calculate the highest common factor of u and 72.
9
Let b be (8/(-3))/(13/(-78)). Calculate the highest common factor of 8 and b.
8
Let a(z) = 210*z + 1. Let c be a(1). Suppose -3*k = -5*k - 10, 4*u = -k + 391. Let n = c - u. What is the highest common factor of n and 16?
16
Let i be (-3)/(-12) + 5/(-4). Let f be -4*1*(-19)/4. Let u = i + f. Calculate the greatest common factor of 90 and u.
18
Let r(k) = 22*k - 2. Let s be r(5). Calculate the greatest common factor of 12 and s.
12
Suppose -2*r - 2*r + n + 22 = 0, -2*r = 5*n - 22. Calculate the highest common divisor of r and 66.
6
Suppose -k + 0*k + 5 = 0. Suppose -56 = f - k*f. Suppose -7*t + 280 = -3*t. Calculate the highest common factor of f and t.
14
Let t(q) = 13*q + 3. Let x be t(5). Suppose -x + 8 = -5*o. What is the highest common factor of o and 60?
12
Suppose -m - m + 84 = 0. Let a be (5 - 0)*2/(-1). Let t be a/35 - (-1474)/14. Calculate the greatest common factor of m and t.
21
Let a = -10 + 27. Suppose 3*j - 2 - 15 = -4*g, -5*g - 3*j + 22 = 0. Suppose 2*t + 15 = -3*t, -g*b = -2*t - 431. What is the highest common factor of b and a?
17
Let d(c) = 14*c - 70. Let i be d(21). What is the greatest common divisor of i and 32?
32
Suppose 63 = -4*f + 5*f. What is the greatest common divisor of f and 9?
9
Let y be (-6)/(-2) - 4/2. Let p(r) = 47*r**3 - 2*r**2 + 1. Let h be p(y). What is the highest common factor of h and 115?
23
Let d = 1 - -1. Suppose -34 = -d*z + 40. Suppose 5*y = 4*c + 32, 0 = -5*y + c + z + 1. Calculate the greatest common factor of y and 16.
8
Let k be 32/12*6*2. Let i be 2 + (6/2)/(-3). Suppose 7 = z - i. Calculate the highest common factor of k and z.
8
Let n(x) = -10*x - 4. Let m be n(-2). What is the greatest common factor of 24 and m?
8
Suppose -4*a - 286 + 64 = -2*b, -a = -4*b + 479. Calculate the highest common factor of 11 and b.
11
Let h(q) = 2*q**2 - q. Suppose 11 = -5*o + 1. Let x be h(o). What is the highest common factor of 4 and x?
2
Let i = -45 + 49. Calculate the greatest common divisor of i and 4.
4
Suppose -3*z + 16 = -14. Let t be 5/(z/32) + -3. Calculate the greatest common divisor of 13 and t.
13
Let f = 14 - -6. Let k(d) = d**2 + 6*d - 5. Let h be k(-7). Calculate the highest common divisor of h and f.
2
Let l be (-128)/(-7) + (-2)/7. Let b be 3/5*(40 - 30). What is the highest common divisor of l and b?
6
Let q(a) = 6*a**2 + 2*a - 1. Let w be q(3). Suppose 3*v - 23 = -2*y, -w = -4*y - 5*v - 16. Let z = 35 - 21. What is the greatest common divisor of z and y?
7
Let k(n) = -n + 14. Let o = -5 + 8. Suppose -2*c + 28 = -4*p, 5*c - p - 52 = o*p. Let t be k(c). Calculate the greatest common factor of 2 and t.
2
Let g(m) = m + 11. Let t be g(-9). Suppose -d + 32 = 3*d. Calculate the greatest common factor of d and t.
2
Suppose -7*j + j = -150. Let p = j - -56. Calculate the greatest common divisor of p and 9.
9
Let a(z) = -z + 2. Let y be a(2). Let u be (y - 2/4)*-26. Let p be (39/(-4))/(6/(-16)). Calculate the highest common factor of p and u.
13
Let p = 158 - 142. Calculate the highest common divisor of p and 8.
8
Let o(x) = -x**3 + 24*x**2 - 20*x + 30. Let y be o(23). What is the highest common divisor of 66 and y?
33
Let y(i) = i**3 + 10*